{"id":1440,"date":"2021-11-08T19:29:23","date_gmt":"2021-11-08T18:29:23","guid":{"rendered":"https:\/\/biotopik.org\/?page_id=1440"},"modified":"2022-02-24T13:09:02","modified_gmt":"2022-02-24T12:09:02","slug":"le-projet","status":"publish","type":"page","link":"https:\/\/biotopik.org\/index.php\/le-projet\/","title":{"rendered":"Le projet"},"content":{"rendered":"\t\t<div data-elementor-type=\"wp-page\" data-elementor-id=\"1440\" class=\"elementor elementor-1440\" data-elementor-settings=\"[]\">\n\t\t\t\t\t\t\t<div class=\"elementor-section-wrap\">\n\t\t\t\t\t\t\t<section class=\"elementor-section elementor-top-section elementor-element elementor-element-37c97d3 elementor-section-boxed elementor-section-height-default elementor-section-height-default\" data-id=\"37c97d3\" data-element_type=\"section\">\n\t\t\t\t\t\t\t<div class=\"elementor-background-overlay\"><\/div>\n\t\t\t\t\t\t\t<div class=\"elementor-container elementor-column-gap-default\">\n\t\t\t\t\t<div class=\"elementor-column elementor-col-100 elementor-top-column elementor-element elementor-element-af51ff1\" data-id=\"af51ff1\" data-element_type=\"column\">\n\t\t\t<div class=\"elementor-widget-wrap elementor-element-populated\">\n\t\t\t\t\t\t\t\t<div class=\"elementor-element elementor-element-0f7006b elementor-widget elementor-widget-text-editor\" data-id=\"0f7006b\" data-element_type=\"widget\" data-widget_type=\"text-editor.default\">\n\t\t\t\t<div class=\"elementor-widget-container\">\n\t\t\t\t\t\t\t<p>&#8220;Le plus grand voyageur n&#8217;est pas celui qui a fait dix fois le tour du monde, mais celui qui a fait une seule fois le tour de lui-m\u00eame&#8221;, Gandhi.<\/p>\t\t\t\t\t\t<\/div>\n\t\t\t\t<\/div>\n\t\t\t\t\t<\/div>\n\t\t<\/div>\n\t\t\t\t\t\t\t<\/div>\n\t\t<\/section>\n\t\t\t\t<section class=\"elementor-section elementor-top-section elementor-element elementor-element-2625dad elementor-section-boxed elementor-section-height-default elementor-section-height-default\" data-id=\"2625dad\" data-element_type=\"section\">\n\t\t\t\t\t\t<div class=\"elementor-container elementor-column-gap-default\">\n\t\t\t\t\t<div class=\"elementor-column elementor-col-100 elementor-top-column elementor-element elementor-element-5e59ff6\" data-id=\"5e59ff6\" data-element_type=\"column\">\n\t\t\t<div class=\"elementor-widget-wrap elementor-element-populated\">\n\t\t\t\t\t\t\t\t<div class=\"elementor-element elementor-element-aa363fb elementor-widget elementor-widget-spacer\" data-id=\"aa363fb\" data-element_type=\"widget\" data-widget_type=\"spacer.default\">\n\t\t\t\t<div class=\"elementor-widget-container\">\n\t\t\t\t\t<div class=\"elementor-spacer\">\n\t\t\t<div class=\"elementor-spacer-inner\"><\/div>\n\t\t<\/div>\n\t\t\t\t<\/div>\n\t\t\t\t<\/div>\n\t\t\t\t<div class=\"elementor-element elementor-element-7c3a927 elementor-widget elementor-widget-text-editor\" data-id=\"7c3a927\" data-element_type=\"widget\" data-widget_type=\"text-editor.default\">\n\t\t\t\t<div class=\"elementor-widget-container\">\n\t\t\t\t\t\t\t<p>Biotopik, le PROJET : une mise en coh\u00e9rence et une connexion au Vivant.<\/p>\t\t\t\t\t\t<\/div>\n\t\t\t\t<\/div>\n\t\t\t\t<div class=\"elementor-element elementor-element-3e01882 elementor-widget elementor-widget-spacer\" data-id=\"3e01882\" data-element_type=\"widget\" data-widget_type=\"spacer.default\">\n\t\t\t\t<div class=\"elementor-widget-container\">\n\t\t\t\t\t<div class=\"elementor-spacer\">\n\t\t\t<div class=\"elementor-spacer-inner\"><\/div>\n\t\t<\/div>\n\t\t\t\t<\/div>\n\t\t\t\t<\/div>\n\t\t\t\t\t<\/div>\n\t\t<\/div>\n\t\t\t\t\t\t\t<\/div>\n\t\t<\/section>\n\t\t\t\t<section class=\"elementor-section elementor-top-section elementor-element elementor-element-652687d elementor-section-boxed elementor-section-height-default elementor-section-height-default\" data-id=\"652687d\" data-element_type=\"section\">\n\t\t\t\t\t\t\t<div class=\"elementor-background-overlay\"><\/div>\n\t\t\t\t\t\t\t<div class=\"elementor-container elementor-column-gap-default\">\n\t\t\t\t\t<div class=\"elementor-column elementor-col-33 elementor-top-column elementor-element elementor-element-3b0a4fc\" data-id=\"3b0a4fc\" data-element_type=\"column\">\n\t\t\t<div class=\"elementor-widget-wrap elementor-element-populated\">\n\t\t\t\t\t\t\t\t<div class=\"elementor-element elementor-element-2704345 elementor-widget elementor-widget-image\" data-id=\"2704345\" data-element_type=\"widget\" data-widget_type=\"image.default\">\n\t\t\t\t<div class=\"elementor-widget-container\">\n\t\t\t\t\t\t\t\t\t\t\t\t\t\t\t<img decoding=\"async\" loading=\"lazy\" width=\"640\" height=\"480\" src=\"https:\/\/biotopik.org\/wp-content\/uploads\/2021\/10\/paysage-montagne-resineux-comp.jpg\" class=\"attachment-large size-large\" alt=\"\" srcset=\"https:\/\/biotopik.org\/wp-content\/uploads\/2021\/10\/paysage-montagne-resineux-comp.jpg 1000w, https:\/\/biotopik.org\/wp-content\/uploads\/2021\/10\/paysage-montagne-resineux-comp-300x225.jpg 300w, https:\/\/biotopik.org\/wp-content\/uploads\/2021\/10\/paysage-montagne-resineux-comp-768x576.jpg 768w, https:\/\/biotopik.org\/wp-content\/uploads\/2021\/10\/paysage-montagne-resineux-comp-580x436.jpg 580w\" sizes=\"(max-width: 640px) 100vw, 640px\" \/>\t\t\t\t\t\t\t\t\t\t\t\t\t\t\t<\/div>\n\t\t\t\t<\/div>\n\t\t\t\t\t<\/div>\n\t\t<\/div>\n\t\t\t\t<div class=\"elementor-column elementor-col-66 elementor-top-column elementor-element elementor-element-71187a5\" data-id=\"71187a5\" data-element_type=\"column\">\n\t\t\t<div class=\"elementor-widget-wrap elementor-element-populated\">\n\t\t\t\t\t\t\t\t<div class=\"elementor-element elementor-element-85c03b9 elementor-widget elementor-widget-text-editor\" data-id=\"85c03b9\" data-element_type=\"widget\" data-widget_type=\"text-editor.default\">\n\t\t\t\t<div class=\"elementor-widget-container\">\n\t\t\t\t\t\t\t<ul><li>&#8220;Voyager est le premier travail de l\u2019Homme&#8221; (l&#8217;\u00e9pop\u00e9e de Gilgamesh, 1600 av J-C). Rappelons d&#8217;ailleurs que, le mot anglais &#8220;travel&#8221; vient de travail. Le projet est n\u00e9 d&#8217;une passion du voyage et des lieux, de ce qu&#8217;ils portent comme enjeux et projets, et de l&#8217;envie <strong>d&#8217;embrasser le travail comme un voyage.<\/strong><\/li><li>Notre cr\u00e9do : cr\u00e9er et maintenir l\u2019envie d\u2019agir ensemble, mettre en coh\u00e9rence vos projets avec votre \u00e9cosyst\u00e8me, redonner \u00e0 chacun sa capacit\u00e9 d\u2019action dans un collectif,\u00a0m\u00ealer habilement m\u00e9nagement et am\u00e9nagement des territoires.<\/li><\/ul>\t\t\t\t\t\t<\/div>\n\t\t\t\t<\/div>\n\t\t\t\t\t<\/div>\n\t\t<\/div>\n\t\t\t\t\t\t\t<\/div>\n\t\t<\/section>\n\t\t\t\t<section class=\"elementor-section elementor-top-section elementor-element elementor-element-49643fc elementor-section-boxed elementor-section-height-default elementor-section-height-default\" data-id=\"49643fc\" data-element_type=\"section\">\n\t\t\t\t\t\t\t<div class=\"elementor-background-overlay\"><\/div>\n\t\t\t\t\t\t\t<div class=\"elementor-container elementor-column-gap-default\">\n\t\t\t\t\t<div class=\"elementor-column elementor-col-100 elementor-top-column elementor-element elementor-element-2067acc\" data-id=\"2067acc\" data-element_type=\"column\">\n\t\t\t<div class=\"elementor-widget-wrap elementor-element-populated\">\n\t\t\t\t\t\t\t\t<div class=\"elementor-element elementor-element-6fb7460 elementor-widget elementor-widget-text-editor\" data-id=\"6fb7460\" data-element_type=\"widget\" data-widget_type=\"text-editor.default\">\n\t\t\t\t<div class=\"elementor-widget-container\">\n\t\t\t\t\t\t\t<p>Sens, coh\u00e9rence, raison d&#8217;\u00eatre, plasticit\u00e9 et agilit\u00e9, cadrage et clart\u00e9, capacit\u00e9 de d\u00e9cision et d&#8217;action seront nos guides pour avancer.<\/p>\n<p>Nous invoquerons \u00e9galement les principes de permaculture et notre lien au Vivant&#8230;&nbsp;<\/p>\n<p><i>Partons explorer ensemble !<\/i><\/p>\t\t\t\t\t\t<\/div>\n\t\t\t\t<\/div>\n\t\t\t\t\t<\/div>\n\t\t<\/div>\n\t\t\t\t\t\t\t<\/div>\n\t\t<\/section>\n\t\t\t\t<section class=\"elementor-section elementor-top-section elementor-element elementor-element-868822f elementor-section-boxed elementor-section-height-default elementor-section-height-default\" data-id=\"868822f\" data-element_type=\"section\">\n\t\t\t\t\t\t<div class=\"elementor-container elementor-column-gap-default\">\n\t\t\t\t\t<div class=\"elementor-column elementor-col-33 elementor-top-column elementor-element elementor-element-09c5024\" data-id=\"09c5024\" data-element_type=\"column\">\n\t\t\t<div class=\"elementor-widget-wrap elementor-element-populated\">\n\t\t\t\t\t\t\t\t<div class=\"elementor-element elementor-element-3e40a96 elementor-widget elementor-widget-htmega-service-addons\" data-id=\"3e40a96\" data-element_type=\"widget\" data-widget_type=\"htmega-service-addons.default\">\n\t\t\t\t<div class=\"elementor-widget-container\">\n\t\t\t            <div class=\"htmega-service htmega-service-style-2\" >\n                <a href=\"https:\/\/biotopik.org\/index.php\/que-cache-biotopik\/\"><div class=\"icon\"><i aria-hidden=\"true\" class=\"fas fa-theater-masks\"><\/i><\/div><\/a>                <div class=\"content\">\n                    <h4 class=\"service-title\"><a href=\" https:\/\/biotopik.org\/index.php\/que-cache-biotopik\/ \">Ce qui se cache derri\u00e8re BiotopiK<\/a><\/h4><p>d\u00e9construisons le nom \npour reconstruire le projet<\/p>                <\/div>\n            <\/div>\n\n        \t\t<\/div>\n\t\t\t\t<\/div>\n\t\t\t\t\t<\/div>\n\t\t<\/div>\n\t\t\t\t<div class=\"elementor-column elementor-col-33 elementor-top-column elementor-element elementor-element-1dead32\" data-id=\"1dead32\" data-element_type=\"column\">\n\t\t\t<div class=\"elementor-widget-wrap elementor-element-populated\">\n\t\t\t\t\t\t\t\t<div class=\"elementor-element elementor-element-a629324 elementor-widget elementor-widget-htmega-service-addons\" data-id=\"a629324\" data-element_type=\"widget\" data-widget_type=\"htmega-service-addons.default\">\n\t\t\t\t<div class=\"elementor-widget-container\">\n\t\t\t            <div class=\"htmega-service htmega-service-style-2\" >\n                <a href=\"https:\/\/biotopik.org\/index.php\/lintention\/\"><div class=\"icon\"><i aria-hidden=\"true\" class=\"fas fa-monument\"><\/i><\/div><\/a>                <div class=\"content\">\n                    <h4 class=\"service-title\"><a href=\" https:\/\/biotopik.org\/index.php\/lintention\/ \">L'intention... et l'utopie<\/a><\/h4><p>ou ce qui nous anime\n<\/p>                <\/div>\n            <\/div>\n\n        \t\t<\/div>\n\t\t\t\t<\/div>\n\t\t\t\t\t<\/div>\n\t\t<\/div>\n\t\t\t\t<div class=\"elementor-column elementor-col-33 elementor-top-column elementor-element elementor-element-73c6aec\" data-id=\"73c6aec\" data-element_type=\"column\">\n\t\t\t<div class=\"elementor-widget-wrap elementor-element-populated\">\n\t\t\t\t\t\t\t\t<div class=\"elementor-element elementor-element-be1d941 elementor-widget elementor-widget-htmega-service-addons\" data-id=\"be1d941\" data-element_type=\"widget\" data-widget_type=\"htmega-service-addons.default\">\n\t\t\t\t<div class=\"elementor-widget-container\">\n\t\t\t            <div class=\"htmega-service htmega-service-style-2\" >\n                <a href=\"https:\/\/biotopik.org\/index.php\/valeurs-et-principes-de-travail\/\"><div class=\"icon\"><i aria-hidden=\"true\" class=\"fas fa-anchor\"><\/i><\/div><\/a>                <div class=\"content\">\n                    <h4 class=\"service-title\"><a href=\" https:\/\/biotopik.org\/index.php\/valeurs-et-principes-de-travail\/ \">Les Valeurs et Concepts<\/a><\/h4><p>ou ce qui nous ancre et nous porte dans nos actions<\/p>                <\/div>\n            <\/div>\n\n        \t\t<\/div>\n\t\t\t\t<\/div>\n\t\t\t\t\t<\/div>\n\t\t<\/div>\n\t\t\t\t\t\t\t<\/div>\n\t\t<\/section>\n\t\t\t\t\t\t<\/div>\n\t\t\t\t\t<\/div>\n\t\t","protected":false},"excerpt":{"rendered":"<p>&#8220;Le plus grand voyageur n&#8217;est pas celui qui a fait dix fois le tour du monde, mais celui qui a fait une seule fois le tour de lui-m\u00eame&#8221;, Gandhi. Biotopik, le PROJET : une mise en coh\u00e9rence et une connexion au Vivant. &#8220;Voyager est le premier travail de l\u2019Homme&#8221; (l&#8217;\u00e9pop\u00e9e de Gilgamesh, 1600 av J-C). [&hellip;]<\/p>\n","protected":false},"author":1,"featured_media":0,"parent":0,"menu_order":0,"comment_status":"closed","ping_status":"closed","template":"","meta":{"_monsterinsights_skip_tracking":false,"_monsterinsights_sitenote_active":false,"_monsterinsights_sitenote_note":"","_monsterinsights_sitenote_category":0,"footnotes":""},"_links":{"self":[{"href":"https:\/\/biotopik.org\/index.php\/wp-json\/wp\/v2\/pages\/1440"}],"collection":[{"href":"https:\/\/biotopik.org\/index.php\/wp-json\/wp\/v2\/pages"}],"about":[{"href":"https:\/\/biotopik.org\/index.php\/wp-json\/wp\/v2\/types\/page"}],"author":[{"embeddable":true,"href":"https:\/\/biotopik.org\/index.php\/wp-json\/wp\/v2\/users\/1"}],"replies":[{"embeddable":true,"href":"https:\/\/biotopik.org\/index.php\/wp-json\/wp\/v2\/comments?post=1440"}],"version-history":[{"count":157,"href":"https:\/\/biotopik.org\/index.php\/wp-json\/wp\/v2\/pages\/1440\/revisions"}],"predecessor-version":[{"id":3431,"href":"https:\/\/biotopik.org\/index.php\/wp-json\/wp\/v2\/pages\/1440\/revisions\/3431"}],"wp:attachment":[{"href":"https:\/\/biotopik.org\/index.php\/wp-json\/wp\/v2\/media?parent=1440"}],"curies":[{"name":"wp","href":"https:\/\/api.w.org\/{rel}","templated":true}]}}