{"id":2339,"date":"2021-11-23T17:53:02","date_gmt":"2021-11-23T16:53:02","guid":{"rendered":"https:\/\/biotopik.org\/?page_id=2339"},"modified":"2022-02-24T12:37:30","modified_gmt":"2022-02-24T11:37:30","slug":"en-quoi-et-sur-quoi","status":"publish","type":"page","link":"https:\/\/biotopik.org\/index.php\/en-quoi-et-sur-quoi\/","title":{"rendered":"EN quoi et SUR quoi ?"},"content":{"rendered":"\t\t<div data-elementor-type=\"wp-page\" data-elementor-id=\"2339\" class=\"elementor elementor-2339\" data-elementor-settings=\"[]\">\n\t\t\t\t\t\t\t<div class=\"elementor-section-wrap\">\n\t\t\t\t\t\t\t<section class=\"elementor-section elementor-top-section elementor-element elementor-element-e2cc0d7 elementor-section-boxed elementor-section-height-default elementor-section-height-default\" data-id=\"e2cc0d7\" data-element_type=\"section\">\n\t\t\t\t\t\t\t<div class=\"elementor-background-overlay\"><\/div>\n\t\t\t\t\t\t\t<div class=\"elementor-container elementor-column-gap-default\">\n\t\t\t\t\t<div class=\"elementor-column elementor-col-100 elementor-top-column elementor-element elementor-element-d9ba473\" data-id=\"d9ba473\" data-element_type=\"column\">\n\t\t\t<div class=\"elementor-widget-wrap elementor-element-populated\">\n\t\t\t\t\t\t\t\t<div class=\"elementor-element elementor-element-673b5cf elementor-widget elementor-widget-heading\" data-id=\"673b5cf\" data-element_type=\"widget\" data-widget_type=\"heading.default\">\n\t\t\t\t<div class=\"elementor-widget-container\">\n\t\t\t<h1 class=\"elementor-heading-title elementor-size-default\">\"Le monde de la r\u00e9alit\u00e9 a ses limites, le monde l'imagination est sans fronti\u00e8re\", JJ Rousseau<\/h1>\t\t<\/div>\n\t\t\t\t<\/div>\n\t\t\t\t\t<\/div>\n\t\t<\/div>\n\t\t\t\t\t\t\t<\/div>\n\t\t<\/section>\n\t\t\t\t<section class=\"elementor-section elementor-top-section elementor-element elementor-element-e93fc22 elementor-section-boxed elementor-section-height-default elementor-section-height-default\" data-id=\"e93fc22\" data-element_type=\"section\">\n\t\t\t\t\t\t<div class=\"elementor-container elementor-column-gap-default\">\n\t\t\t\t\t<div class=\"elementor-column elementor-col-100 elementor-top-column elementor-element elementor-element-77fa620\" data-id=\"77fa620\" data-element_type=\"column\">\n\t\t\t<div class=\"elementor-widget-wrap elementor-element-populated\">\n\t\t\t\t\t\t\t\t<div class=\"elementor-element elementor-element-ac269e8 elementor-widget elementor-widget-spacer\" data-id=\"ac269e8\" data-element_type=\"widget\" data-widget_type=\"spacer.default\">\n\t\t\t\t<div class=\"elementor-widget-container\">\n\t\t\t\t\t<div class=\"elementor-spacer\">\n\t\t\t<div class=\"elementor-spacer-inner\"><\/div>\n\t\t<\/div>\n\t\t\t\t<\/div>\n\t\t\t\t<\/div>\n\t\t\t\t<div class=\"elementor-element elementor-element-36d30d5 elementor-widget elementor-widget-heading\" data-id=\"36d30d5\" data-element_type=\"widget\" data-widget_type=\"heading.default\">\n\t\t\t\t<div class=\"elementor-widget-container\">\n\t\t\t<h2 class=\"elementor-heading-title elementor-size-default\">EN quoi et SUR quoi pouvons-nous vous aider ?<\/h2>\t\t<\/div>\n\t\t\t\t<\/div>\n\t\t\t\t<div class=\"elementor-element elementor-element-95f2e6e elementor-widget elementor-widget-spacer\" data-id=\"95f2e6e\" data-element_type=\"widget\" data-widget_type=\"spacer.default\">\n\t\t\t\t<div class=\"elementor-widget-container\">\n\t\t\t\t\t<div class=\"elementor-spacer\">\n\t\t\t<div class=\"elementor-spacer-inner\"><\/div>\n\t\t<\/div>\n\t\t\t\t<\/div>\n\t\t\t\t<\/div>\n\t\t\t\t\t<\/div>\n\t\t<\/div>\n\t\t\t\t\t\t\t<\/div>\n\t\t<\/section>\n\t\t\t\t<section class=\"elementor-section elementor-top-section elementor-element elementor-element-ad297a1 elementor-section-boxed elementor-section-height-default elementor-section-height-default\" data-id=\"ad297a1\" data-element_type=\"section\" data-settings=\"{&quot;background_background&quot;:&quot;classic&quot;}\">\n\t\t\t\t\t\t\t<div class=\"elementor-background-overlay\"><\/div>\n\t\t\t\t\t\t\t<div class=\"elementor-container elementor-column-gap-default\">\n\t\t\t\t\t<div class=\"elementor-column elementor-col-100 elementor-top-column elementor-element elementor-element-3985d7e\" data-id=\"3985d7e\" data-element_type=\"column\">\n\t\t\t<div class=\"elementor-widget-wrap elementor-element-populated\">\n\t\t\t\t\t\t\t\t<div class=\"elementor-element elementor-element-38d0c75 elementor-widget elementor-widget-text-editor\" data-id=\"38d0c75\" data-element_type=\"widget\" data-widget_type=\"text-editor.default\">\n\t\t\t\t<div class=\"elementor-widget-container\">\n\t\t\t\t\t\t\t<p>Sur presque <strong>TOUT<\/strong> d\u00e8s lors qu&#8217;il s&#8217;agit d&#8217;un collectif ou d&#8217;un projet impliquant diff\u00e9rents acteurs, <br \/>mais en particulier sur les 3 axes suivants :<\/p>\t\t\t\t\t\t<\/div>\n\t\t\t\t<\/div>\n\t\t\t\t\t<\/div>\n\t\t<\/div>\n\t\t\t\t\t\t\t<\/div>\n\t\t<\/section>\n\t\t\t\t<section class=\"elementor-section elementor-top-section elementor-element elementor-element-ae53096 elementor-section-boxed elementor-section-height-default elementor-section-height-default\" data-id=\"ae53096\" data-element_type=\"section\">\n\t\t\t\t\t\t\t<div class=\"elementor-background-overlay\"><\/div>\n\t\t\t\t\t\t\t<div class=\"elementor-container elementor-column-gap-default\">\n\t\t\t\t\t<div class=\"elementor-column elementor-col-100 elementor-top-column elementor-element elementor-element-31546b2\" data-id=\"31546b2\" data-element_type=\"column\">\n\t\t\t<div class=\"elementor-widget-wrap elementor-element-populated\">\n\t\t\t\t\t\t\t\t<div class=\"elementor-element elementor-element-b8f63ea elementor-widget elementor-widget-text-editor\" data-id=\"b8f63ea\" data-element_type=\"widget\" data-widget_type=\"text-editor.default\">\n\t\t\t\t<div class=\"elementor-widget-container\">\n\t\t\t\t\t\t\t<p><b>Accompagner un projet \/ un collectif<\/b><\/p><ul><li>initier un collectif<\/li><li>cr\u00e9er les conditions et le cadre de s\u00e9curit\u00e9 pour initier un projet<\/li><li>d\u00e9bloquer une situation<\/li><li>accompagner ou cadrer un projet complexe et multi-acteurs<\/li><li>D\u00e9finir et faire \u00e9voluer la raison d\u2019\u00eatre d\u2019un collectif&#8230;<\/li><\/ul>\t\t\t\t\t\t<\/div>\n\t\t\t\t<\/div>\n\t\t\t\t\t<\/div>\n\t\t<\/div>\n\t\t\t\t\t\t\t<\/div>\n\t\t<\/section>\n\t\t\t\t<section class=\"elementor-section elementor-top-section elementor-element elementor-element-95fc916 elementor-section-boxed elementor-section-height-default elementor-section-height-default\" data-id=\"95fc916\" data-element_type=\"section\">\n\t\t\t\t\t\t\t<div class=\"elementor-background-overlay\"><\/div>\n\t\t\t\t\t\t\t<div class=\"elementor-container elementor-column-gap-default\">\n\t\t\t\t\t<div class=\"elementor-column elementor-col-100 elementor-top-column elementor-element elementor-element-3443b4a\" data-id=\"3443b4a\" data-element_type=\"column\">\n\t\t\t<div class=\"elementor-widget-wrap elementor-element-populated\">\n\t\t\t\t\t\t\t\t<div class=\"elementor-element elementor-element-5fc9c9e elementor-widget elementor-widget-text-editor\" data-id=\"5fc9c9e\" data-element_type=\"widget\" data-widget_type=\"text-editor.default\">\n\t\t\t\t<div class=\"elementor-widget-container\">\n\t\t\t\t\t\t\t<p><b>Coop\u00e9rez le mieux possible<\/b><\/p><ul><li>\u00a0Stimuler la coop\u00e9ration au sein d&#8217;un collectif existant ou en formation<\/li><li>D\u00e9finir ou red\u00e9finir l&#8217;engagement dans un collectif ou projet<\/li><li>Remettre au centre le pouvoir d\u2019action, \u00e0 diff\u00e9rentes \u00e9chelles<\/li><li>G\u00e9rer des conflits internes ou externes&#8230;<\/li><\/ul>\t\t\t\t\t\t<\/div>\n\t\t\t\t<\/div>\n\t\t\t\t\t<\/div>\n\t\t<\/div>\n\t\t\t\t\t\t\t<\/div>\n\t\t<\/section>\n\t\t\t\t<section class=\"elementor-section elementor-top-section elementor-element elementor-element-45defea elementor-section-boxed elementor-section-height-default elementor-section-height-default\" data-id=\"45defea\" data-element_type=\"section\">\n\t\t\t\t\t\t\t<div class=\"elementor-background-overlay\"><\/div>\n\t\t\t\t\t\t\t<div class=\"elementor-container elementor-column-gap-default\">\n\t\t\t\t\t<div class=\"elementor-column elementor-col-100 elementor-top-column elementor-element elementor-element-f17f8f8\" data-id=\"f17f8f8\" data-element_type=\"column\">\n\t\t\t<div class=\"elementor-widget-wrap elementor-element-populated\">\n\t\t\t\t\t\t\t\t<div class=\"elementor-element elementor-element-ba7d80c elementor-widget elementor-widget-text-editor\" data-id=\"ba7d80c\" data-element_type=\"widget\" data-widget_type=\"text-editor.default\">\n\t\t\t\t<div class=\"elementor-widget-container\">\n\t\t\t\t\t\t\t<p><b>Vous transformer<\/b><\/p>\n<ul>\n<li>G\u00e9rer ou accompagner une transformation ou un changement structurel<\/li>\n<li>Accompagner un changement d\u2019\u00e9chelle pour une structure ou une action<\/li>\n<li>Envisager la transition soci\u00e9tale d&#8217;un territoire (\u00e9cologique, \u00e9conomique, num\u00e9rique, sociale, p\u00e9dagogique&#8230;)<\/li>\n<li>Accompagner un changement de Gouvernance d\u2019un collectif : comment prenons-nous nos d\u00e9cisions ? Comment g\u00e9rons-nous nos conflits ? Comment accompagnons-nous nos changements ? Comment fonctionner ensemble avec les contraintes individuelles ?<\/li>\n<\/ul>\t\t\t\t\t\t<\/div>\n\t\t\t\t<\/div>\n\t\t\t\t\t<\/div>\n\t\t<\/div>\n\t\t\t\t\t\t\t<\/div>\n\t\t<\/section>\n\t\t\t\t<section class=\"elementor-section elementor-top-section elementor-element elementor-element-a736a43 elementor-section-boxed elementor-section-height-default elementor-section-height-default\" data-id=\"a736a43\" data-element_type=\"section\">\n\t\t\t\t\t\t<div class=\"elementor-container elementor-column-gap-default\">\n\t\t\t\t\t<div class=\"elementor-column elementor-col-100 elementor-top-column elementor-element elementor-element-6485b69\" data-id=\"6485b69\" data-element_type=\"column\">\n\t\t\t<div class=\"elementor-widget-wrap elementor-element-populated\">\n\t\t\t\t\t\t\t\t<div class=\"elementor-element elementor-element-9d08bab elementor-widget elementor-widget-button\" data-id=\"9d08bab\" data-element_type=\"widget\" data-widget_type=\"button.default\">\n\t\t\t\t<div class=\"elementor-widget-container\">\n\t\t\t\t\t<div class=\"elementor-button-wrapper\">\n\t\t\t<a href=\"https:\/\/biotopik.org\/index.php\/les-ateliers\/\" class=\"elementor-button-link elementor-button elementor-size-sm\" role=\"button\">\n\t\t\t\t\t\t<span class=\"elementor-button-content-wrapper\">\n\t\t\t\t\t\t<span class=\"elementor-button-text\">En savoir plus : NOS ATELIERS<\/span>\n\t\t<\/span>\n\t\t\t\t\t<\/a>\n\t\t<\/div>\n\t\t\t\t<\/div>\n\t\t\t\t<\/div>\n\t\t\t\t\t<\/div>\n\t\t<\/div>\n\t\t\t\t\t\t\t<\/div>\n\t\t<\/section>\n\t\t\t\t\t\t<\/div>\n\t\t\t\t\t<\/div>\n\t\t","protected":false},"excerpt":{"rendered":"<p>&#8220;Le monde de la r\u00e9alit\u00e9 a ses limites, le monde l&#8217;imagination est sans fronti\u00e8re&#8221;, JJ Rousseau EN quoi et SUR quoi pouvons-nous vous aider ? Sur presque TOUT d\u00e8s lors qu&#8217;il s&#8217;agit d&#8217;un collectif ou d&#8217;un projet impliquant diff\u00e9rents acteurs, mais en particulier sur les 3 axes suivants : Accompagner un projet \/ un collectif [&hellip;]<\/p>\n","protected":false},"author":1,"featured_media":0,"parent":0,"menu_order":0,"comment_status":"closed","ping_status":"closed","template":"","meta":{"_monsterinsights_skip_tracking":false,"_monsterinsights_sitenote_active":false,"_monsterinsights_sitenote_note":"","_monsterinsights_sitenote_category":0,"footnotes":""},"_links":{"self":[{"href":"https:\/\/biotopik.org\/index.php\/wp-json\/wp\/v2\/pages\/2339"}],"collection":[{"href":"https:\/\/biotopik.org\/index.php\/wp-json\/wp\/v2\/pages"}],"about":[{"href":"https:\/\/biotopik.org\/index.php\/wp-json\/wp\/v2\/types\/page"}],"author":[{"embeddable":true,"href":"https:\/\/biotopik.org\/index.php\/wp-json\/wp\/v2\/users\/1"}],"replies":[{"embeddable":true,"href":"https:\/\/biotopik.org\/index.php\/wp-json\/wp\/v2\/comments?post=2339"}],"version-history":[{"count":28,"href":"https:\/\/biotopik.org\/index.php\/wp-json\/wp\/v2\/pages\/2339\/revisions"}],"predecessor-version":[{"id":3415,"href":"https:\/\/biotopik.org\/index.php\/wp-json\/wp\/v2\/pages\/2339\/revisions\/3415"}],"wp:attachment":[{"href":"https:\/\/biotopik.org\/index.php\/wp-json\/wp\/v2\/media?parent=2339"}],"curies":[{"name":"wp","href":"https:\/\/api.w.org\/{rel}","templated":true}]}}