{"id":2377,"date":"2021-11-23T18:33:13","date_gmt":"2021-11-23T17:33:13","guid":{"rendered":"https:\/\/biotopik.org\/?page_id=2377"},"modified":"2022-02-24T13:36:32","modified_gmt":"2022-02-24T12:36:32","slug":"pour-quels-resultats","status":"publish","type":"page","link":"https:\/\/biotopik.org\/index.php\/pour-quels-resultats\/","title":{"rendered":"Pour quels RESULTATS ?"},"content":{"rendered":"\t\t<div data-elementor-type=\"wp-page\" data-elementor-id=\"2377\" class=\"elementor elementor-2377\" data-elementor-settings=\"[]\">\n\t\t\t\t\t\t\t<div class=\"elementor-section-wrap\">\n\t\t\t\t\t\t\t<section class=\"elementor-section elementor-top-section elementor-element elementor-element-2e74158 elementor-section-boxed elementor-section-height-default elementor-section-height-default\" data-id=\"2e74158\" data-element_type=\"section\">\n\t\t\t\t\t\t\t<div class=\"elementor-background-overlay\"><\/div>\n\t\t\t\t\t\t\t<div class=\"elementor-container elementor-column-gap-default\">\n\t\t\t\t\t<div class=\"elementor-column elementor-col-100 elementor-top-column elementor-element elementor-element-ea15546\" data-id=\"ea15546\" data-element_type=\"column\">\n\t\t\t<div class=\"elementor-widget-wrap elementor-element-populated\">\n\t\t\t\t\t\t\t\t<div class=\"elementor-element elementor-element-0c2fdfa elementor-widget elementor-widget-text-editor\" data-id=\"0c2fdfa\" data-element_type=\"widget\" data-widget_type=\"text-editor.default\">\n\t\t\t\t<div class=\"elementor-widget-container\">\n\t\t\t\t\t\t\t<p>&#8220;Mais qui se donne au temps de sa vie, \u00e0 la maison qu&#8217;il d\u00e9fend, \u00e0 la dignit\u00e9 des vivants, celui-l\u00e0 se donne \u00e0 la terre et en re\u00e7oit la moisson qui ensemence et nourrit \u00e0 nouveau&#8221;, A.Camus.<\/p>\t\t\t\t\t\t<\/div>\n\t\t\t\t<\/div>\n\t\t\t\t\t<\/div>\n\t\t<\/div>\n\t\t\t\t\t\t\t<\/div>\n\t\t<\/section>\n\t\t\t\t<section class=\"elementor-section elementor-top-section elementor-element elementor-element-55d9a99 elementor-section-boxed elementor-section-height-default elementor-section-height-default\" data-id=\"55d9a99\" data-element_type=\"section\">\n\t\t\t\t\t\t\t<div class=\"elementor-background-overlay\"><\/div>\n\t\t\t\t\t\t\t<div class=\"elementor-container elementor-column-gap-default\">\n\t\t\t\t\t<div class=\"elementor-column elementor-col-100 elementor-top-column elementor-element elementor-element-eb33bae\" data-id=\"eb33bae\" data-element_type=\"column\">\n\t\t\t<div class=\"elementor-widget-wrap elementor-element-populated\">\n\t\t\t\t\t\t\t\t<div class=\"elementor-element elementor-element-158bd2f elementor-widget elementor-widget-spacer\" data-id=\"158bd2f\" data-element_type=\"widget\" data-widget_type=\"spacer.default\">\n\t\t\t\t<div class=\"elementor-widget-container\">\n\t\t\t\t\t<div class=\"elementor-spacer\">\n\t\t\t<div class=\"elementor-spacer-inner\"><\/div>\n\t\t<\/div>\n\t\t\t\t<\/div>\n\t\t\t\t<\/div>\n\t\t\t\t<div class=\"elementor-element elementor-element-0d36e2c elementor-widget elementor-widget-text-editor\" data-id=\"0d36e2c\" data-element_type=\"widget\" data-widget_type=\"text-editor.default\">\n\t\t\t\t<div class=\"elementor-widget-container\">\n\t\t\t\t\t\t\t<p>Pour quel(s) RESULTAT(s) ?\u00a0<\/p>\t\t\t\t\t\t<\/div>\n\t\t\t\t<\/div>\n\t\t\t\t<div class=\"elementor-element elementor-element-8dbaadb elementor-widget elementor-widget-spacer\" data-id=\"8dbaadb\" data-element_type=\"widget\" data-widget_type=\"spacer.default\">\n\t\t\t\t<div class=\"elementor-widget-container\">\n\t\t\t\t\t<div class=\"elementor-spacer\">\n\t\t\t<div class=\"elementor-spacer-inner\"><\/div>\n\t\t<\/div>\n\t\t\t\t<\/div>\n\t\t\t\t<\/div>\n\t\t\t\t\t<\/div>\n\t\t<\/div>\n\t\t\t\t\t\t\t<\/div>\n\t\t<\/section>\n\t\t\t\t<section class=\"elementor-section elementor-top-section elementor-element elementor-element-f0bfd0c elementor-section-boxed elementor-section-height-default elementor-section-height-default\" data-id=\"f0bfd0c\" data-element_type=\"section\">\n\t\t\t\t\t\t\t<div class=\"elementor-background-overlay\"><\/div>\n\t\t\t\t\t\t\t<div class=\"elementor-container elementor-column-gap-default\">\n\t\t\t\t\t<div class=\"elementor-column elementor-col-100 elementor-top-column elementor-element elementor-element-2e5759d\" data-id=\"2e5759d\" data-element_type=\"column\">\n\t\t\t<div class=\"elementor-widget-wrap elementor-element-populated\">\n\t\t\t\t\t\t\t\t<div class=\"elementor-element elementor-element-4601373 elementor-widget elementor-widget-text-editor\" data-id=\"4601373\" data-element_type=\"widget\" data-widget_type=\"text-editor.default\">\n\t\t\t\t<div class=\"elementor-widget-container\">\n\t\t\t\t\t\t\t<p><i>Un temps significatif gagn\u00e9 sur l&#8217;action<\/i><em>, la r\u00e9alisation de vos ambitions :<\/em><\/p>\t\t\t\t\t\t<\/div>\n\t\t\t\t<\/div>\n\t\t\t\t\t<\/div>\n\t\t<\/div>\n\t\t\t\t\t\t\t<\/div>\n\t\t<\/section>\n\t\t\t\t<section class=\"elementor-section elementor-top-section elementor-element elementor-element-fbc7eda elementor-section-boxed elementor-section-height-default elementor-section-height-default\" data-id=\"fbc7eda\" data-element_type=\"section\">\n\t\t\t\t\t\t\t<div class=\"elementor-background-overlay\"><\/div>\n\t\t\t\t\t\t\t<div class=\"elementor-container elementor-column-gap-default\">\n\t\t\t\t\t<div class=\"elementor-column elementor-col-100 elementor-top-column elementor-element elementor-element-4a2af8e\" data-id=\"4a2af8e\" data-element_type=\"column\">\n\t\t\t<div class=\"elementor-widget-wrap elementor-element-populated\">\n\t\t\t\t\t\t\t\t<div class=\"elementor-element elementor-element-3908d80 elementor-widget elementor-widget-text-editor\" data-id=\"3908d80\" data-element_type=\"widget\" data-widget_type=\"text-editor.default\">\n\t\t\t\t<div class=\"elementor-widget-container\">\n\t\t\t\t\t\t\t<ul><li>Des d\u00e9cisions partag\u00e9es par consentement \u2013 qui constitue en soi un gage de respect de cette d\u00e9cision (l\u00e9gitimit\u00e9) et de sa mise en \u0153uvre<\/li><li>Le passage \u00e0 l&#8217;action sur un projet d\u00e9j\u00e0 amorc\u00e9,\u00a0<\/li><li>Le d\u00e9blocage de situations<\/li><li>L&#8217;amor\u00e7age d&#8217;un tournant pour votre projet \/ votre collectif<\/li><li>un changement d&#8217;\u00e9chelle ou de paradigme pour votre projet<\/li><li>La transformation de votre structure ou vos fa\u00e7ons de faire ou d&#8217;\u00eatre ensemble<\/li><li>L&#8217;\u00e9volution de votre structure, organisation, gouvernance et votre projet suite \u00e0 une turbulence ponctuelle ou structurelle<\/li><li>Remettre de la vibration dans un projet ou un collectif pour lui rendre tout son pouvoir d&#8217;action<\/li><li>Un alignement de votre projet au collectif et \u00e0 l&#8217;\u00e9cosyst\u00e8me environnant, une coh\u00e9rence avec le Vivant&#8230; gage de la p\u00e9rennit\u00e9 de projets au long cours avec vous et votre \u00e9quipe \/ collectif.<\/li><\/ul>\t\t\t\t\t\t<\/div>\n\t\t\t\t<\/div>\n\t\t\t\t\t<\/div>\n\t\t<\/div>\n\t\t\t\t\t\t\t<\/div>\n\t\t<\/section>\n\t\t\t\t<section class=\"elementor-section elementor-top-section elementor-element elementor-element-80f0583 elementor-section-boxed elementor-section-height-default elementor-section-height-default\" data-id=\"80f0583\" data-element_type=\"section\">\n\t\t\t\t\t\t\t<div class=\"elementor-background-overlay\"><\/div>\n\t\t\t\t\t\t\t<div class=\"elementor-container elementor-column-gap-default\">\n\t\t\t\t\t<div class=\"elementor-column elementor-col-100 elementor-top-column elementor-element elementor-element-fc7fc97\" data-id=\"fc7fc97\" data-element_type=\"column\">\n\t\t\t<div class=\"elementor-widget-wrap elementor-element-populated\">\n\t\t\t\t\t\t\t\t<div class=\"elementor-element elementor-element-3276309 elementor-widget elementor-widget-text-editor\" data-id=\"3276309\" data-element_type=\"widget\" data-widget_type=\"text-editor.default\">\n\t\t\t\t<div class=\"elementor-widget-container\">\n\t\t\t\t\t\t\t<p>Nous vous promettons une moisson \u00e0 2 niveaux:<\/p><ul><li>Des livrables <b>concrets <\/b>et remobilisables dans le temps (voir la production des <u>Ateliers<\/u>) ;<\/li><\/ul><div>\u00a0<\/div><ul><li>Et du <strong>non tangible<\/strong>, de l&#8217;invisible, dans le resserrement des liens entre les participants et leurs modes de fonctionnement, dans les interactions avec son (\u00e9co)syst\u00e8me et dans le rapport au monde ext\u00e9rieur.<br \/>Nous pourrions r\u00e9sumer les b\u00e9n\u00e9fices intangibles en un alignement du collectif, son projet, ses membres avec le monde ext\u00e9rieur.<\/li><\/ul>\t\t\t\t\t\t<\/div>\n\t\t\t\t<\/div>\n\t\t\t\t\t<\/div>\n\t\t<\/div>\n\t\t\t\t\t\t\t<\/div>\n\t\t<\/section>\n\t\t\t\t\t\t<\/div>\n\t\t\t\t\t<\/div>\n\t\t","protected":false},"excerpt":{"rendered":"<p>&#8220;Mais qui se donne au temps de sa vie, \u00e0 la maison qu&#8217;il d\u00e9fend, \u00e0 la dignit\u00e9 des vivants, celui-l\u00e0 se donne \u00e0 la terre et en re\u00e7oit la moisson qui ensemence et nourrit \u00e0 nouveau&#8221;, A.Camus. Pour quel(s) RESULTAT(s) ?\u00a0 Un temps significatif gagn\u00e9 sur l&#8217;action, la r\u00e9alisation de vos ambitions : Des d\u00e9cisions [&hellip;]<\/p>\n","protected":false},"author":1,"featured_media":0,"parent":0,"menu_order":0,"comment_status":"closed","ping_status":"closed","template":"","meta":{"_monsterinsights_skip_tracking":false,"_monsterinsights_sitenote_active":false,"_monsterinsights_sitenote_note":"","_monsterinsights_sitenote_category":0,"footnotes":""},"_links":{"self":[{"href":"https:\/\/biotopik.org\/index.php\/wp-json\/wp\/v2\/pages\/2377"}],"collection":[{"href":"https:\/\/biotopik.org\/index.php\/wp-json\/wp\/v2\/pages"}],"about":[{"href":"https:\/\/biotopik.org\/index.php\/wp-json\/wp\/v2\/types\/page"}],"author":[{"embeddable":true,"href":"https:\/\/biotopik.org\/index.php\/wp-json\/wp\/v2\/users\/1"}],"replies":[{"embeddable":true,"href":"https:\/\/biotopik.org\/index.php\/wp-json\/wp\/v2\/comments?post=2377"}],"version-history":[{"count":37,"href":"https:\/\/biotopik.org\/index.php\/wp-json\/wp\/v2\/pages\/2377\/revisions"}],"predecessor-version":[{"id":3453,"href":"https:\/\/biotopik.org\/index.php\/wp-json\/wp\/v2\/pages\/2377\/revisions\/3453"}],"wp:attachment":[{"href":"https:\/\/biotopik.org\/index.php\/wp-json\/wp\/v2\/media?parent=2377"}],"curies":[{"name":"wp","href":"https:\/\/api.w.org\/{rel}","templated":true}]}}